eatest common factor of f and n?
8
Let a = 12 + -19. Let d(p) = -p**3 - 6*p**2 + 7*p + 10. Let q be d(a). What is the greatest common divisor of 90 and q?
10
Let r(x) be the first derivative of -x**4/4 - 10*x**3/3 - 9*x**2/2 + 10*x + 3. Let n be r(-9). Calculate the highest common factor of n and 30.
10
Let z(i) = -i**2 - 10*i - 3. Let q(t) = 2*t**2 + 20*t + 5. Let g(l) = -3*q(l) - 5*z(l). Let a be g(-7). What is the greatest common factor of a and 14?
7
Suppose 0 = b + 3*r - 182, -4*b + r = -3*r - 760. Suppose 401 = 2*o + 2*y - y, -o + 2*y = -b. Calculate the highest common factor of o and 22.
22
Let c(g) = g**3 - g**2 - 4*g - 1. Let j be c(3). Calculate the greatest common divisor of 10 and j.
5
Let b = 409 + -276. Suppose i = 3*f - 3*i - 136, -3*f = -i - b. Suppose -2*m = m - 12. What is the highest common factor of f and m?
4
Let u(c) = 2*c**2 - 16*c + 5. Let k be u(9). What is the greatest common divisor of 23 and k?
23
Let p(l) = l**2 - l. Let y(q) = -q**2 - 3*q - 3. Let r(g) = 3*p(g) - y(g). Let j be r(-3). What is the highest common divisor of 13 and j?
13
Let f(q) = -2*q**2 - 20*q + 20. Let p be f(-9). Let n = 179 + -84. What is the highest common divisor of n and p?
19
Suppose 4*x - 8 = -4*u, -4*u - 4 = -0. Suppose 0 = -6*n + x*n + 63. What is the highest common factor of n and 14?
7
Suppose 177 + 175 = 4*u. What is the highest common divisor of 132 and u?
44
Let c(i) = 112*i**2 - i + 1. Let n be c(1). Suppose a = -3*a + n. What is the greatest common divisor of a and 4?
4
Let b = 20 - -8. Calculate the highest common divisor of 140 and b.
28
Suppose 0*k + 175 = 5*k. Let z = 55 - k. What is the highest common factor of z and 30?
10
Let a = 80 + -37. Calculate the highest common factor of 43 and a.
43
Let q(u) = -u**2 + 7*u - 4. Let r be (7/(-1) + 3)*-1. Let j be q(r). What is the greatest common divisor of j and 40?
8
Let l be -1 + -1 + 1 - -3. Suppose 3*s - n + l*n = 55, 4*n + 69 = 5*s. Let j = -75 - -262. Calculate the highest common factor of j and s.
17
Let a = 9 - 6. Let u(o) = -o**3 + 8*o**2 - 7*o - 6. Suppose 3*s + 4 = 22. Let i be u(s). What is the greatest common factor of i and a?
3
Suppose 8*d - 110 = 170. Calculate the greatest common divisor of d and 105.
35
Let x = -113 - -179. What is the highest common divisor of 165 and x?
33
Suppose 5*o = 17 + 48. Calculate the greatest common factor of 91 and o.
13
Let w be (18/(-8))/(6/24). Let i = w + 15. Let p be 238/i + 6/(-9). Calculate the greatest common divisor of 13 and p.
13
Let b = 3 - 1. Suppose b*g = -1 + 5. Suppose g*i - 49 = -3*t, -i - 36 = -2*t - 3*i. Calculate the greatest common divisor of 143 and t.
13
Suppose 2*c - 11 - 23 = 0. Suppose -2*a = -a + 2*f, -3*a = 5*f + 1. Let j be a/((-4)/(-34))*-4. Calculate the greatest common divisor of j and c.
17
Let w be 1*(-3 - -2) - -4. What is the highest common factor of w and 27?
3
Let g be 414/4 + 2/4. What is the greatest common divisor of 13 and g?
13
Let y(d) = -4*d**3 - 2*d**2 + 5*d + 6. Let p be y(-4). Suppose -4*z + 4*g + p = -50, 5*z - 3*g = 315. Calculate the highest common factor of 90 and z.
30
Suppose -9*d - 60 = -11*d. Calculate the greatest common factor of 45 and d.
15
Let f = 104 + -99. Calculate the highest common divisor of 40 and f.
5
Suppose -3*s - 2*s = -40. Suppose c = 2*c - s. Let n = 57 + -41. Calculate the greatest common divisor of n and c.
8
Suppose -2*o = -108 - 22. Suppose 17*r - 15*r = 52. Calculate the highest common factor of o and r.
13
Suppose -h + 69 = 17. Suppose 3*g = -3*y - g + h, 86 = 4*y - 3*g. Suppose 0 = 5*x - 3*f - 49 + 16, -y = -5*f. Calculate the greatest common divisor of 1 and x.
1
Let r(s) = s**2 + 5*s - 8. Let f be r(-9). Calculate the highest common factor of 224 and f.
28
Let m = -167 - -237. What is the greatest common factor of 10 and m?
10
Let z be 4/(-4)*(-19)/1. Let v = -13 + 108. What is the highest common divisor of z and v?
19
Suppose 3*y - 5*u = -34, -61 = -0*y + 5*y - 4*u. Suppose 5*j - q - 5 = 2*j, 5*q - 23 = -j. Let g = j - y. Calculate the greatest common factor of g and 24.
8
Suppose -m - 4*m + 2*t = -105, 0 = m + 2*t - 9. Let g = m - 8. What is the highest common divisor of 33 and g?
11
Suppose b - 5*b + 56 = 0. What is the highest common divisor of 56 and b?
14
Let t = 16 + 49. Let h(w) = 5*w + 11. Let n(p) = 6*p + 12. Let f(l) = 5*h(l) - 4*n(l). Let c be f(6). Calculate the greatest common factor of t and c.
13
Let u be (2/(-1))/(8/(-16)). Suppose 0*s + u*s - 5*n = 19, 3*s - 13 = 5*n. Calculate the greatest common divisor of s and 2.
2
Let y(i) = 3*i. Let h be y(1). Suppose 0 = 2*v + 3*m - 195, 0 = -v + 3*v - h*m - 201. Calculate the greatest common factor of 11 and v.
11
Suppose -5*d + d + 8 = 0. Let t = 3 + -10. Let u be (-300)/(-21) + d/t. Calculate the highest common factor of u and 70.
14
Let x = 0 + 4. What is the greatest common factor of 12 and x?
4
Suppose 5*k + 7 - 22 = 0. Let d be k/(3*(-3)/(-102)). What is the highest common divisor of d and 17?
17
Let n be 14 + (-1)/(-2)*-2. Let r(l) be the second derivative of l**3 + 8*l**2 - 10*l. Let k be r(6). What is the greatest common factor of n and k?
13
Let u be (-2320)/(-15) + 8/(-12). What is the greatest common factor of 14 and u?
14
Let n(q) = 2*q + 30. Let k be n(-5). Let f = 2 + -2. Suppose 3*j + 2*j = 15, f = 5*i + j - 253. What is the greatest common factor of i and k?
10
Let n(i) = i**2 - 3*i - 5. Let v be n(6). Let d = 111 - 85. What is the greatest common divisor of d and v?
13
Let l = -43 - 36. Let p be 1 + -3 + -1 + 218. Let y = p + l. Calculate the highest common factor of 17 and y.
17
Let f = -21 + -92. Let o = f - -256. What is the highest common divisor of 13 and o?
13
Suppose 4*g + 188 = -t - 2*t, -3*t + g - 208 = 0. Let q = 94 - t. What is the highest common divisor of q and 18?
18
Let o(i) = -i**2 + i + 16. Let w be o(0). Let q = w + -4. Calculate the greatest common divisor of 4 and q.
4
Let i be (-222)/(-18) + (-4)/(-6). Let o be 6 + ((-8)/2)/(-2). Suppose 0 = 3*y - o - 187. What is the highest common divisor of y and i?
13
Suppose 3*j + 3*x = 16 + 110, -2*j + 82 = 3*x. What is the greatest common factor of j and 110?
22
Let u be 43/3 + 4/6. Calculate the greatest common divisor of u and 15.
15
Suppose 0 = -2*l + 3*l - 175. Suppose 0 = -5*j - l + 20. Let p = -16 - j. Calculate the greatest common divisor of 3 and p.
3
Suppose 0 = -0*t - t + 4. Let q = 0 - -3. Suppose 0 = -t*k - 8, q*u - k = u + 26. Calculate the highest common divisor of u and 30.
6
Let o be -4*((-6)/4 + -1). Let t = 11 + 59. Calculate the highest common factor of t and o.
10
Let x(z) = 4*z**3 - 4*z + 3. Let g be x(3). Let u = 10 + -1. What is the highest common divisor of g and u?
9
Suppose 2*y - 15*y = 0. Let q = 9 + -4. Suppose -5*i = -2*k - 41, -q*i + y*k - k + 32 = 0. What is the greatest common factor of i and 14?
7
Suppose -3*l + 2 = -l. Suppose -2*n = -5 - l. Suppose -3*g - 42 = -n*u, 29 + 21 = 5*u + 5*g. What is the highest common factor of 12 and u?
12
Let i(p) = -12*p - 4. Let t be i(-5). Calculate the greatest common divisor of 7 and t.
7
Let n = 20 - 4. Let h = -4 + n. What is the greatest common factor of 8 and h?
4
Let l(w) = -4*w**2 + w. Let n be l(1). Let q be (3 - 3) + (n - -24). Calculate the highest common divisor of q and 14.
7
Suppose 10 + 7 = 3*n + 4*z, -5*n - 20 = -3*z. Let b(a) = 47 - 23 - 23 + a**2. Let p be b(n). Calculate the greatest common divisor of p and 18.
2
Let v(b) = b**3 + 9*b**2 - b - 2. Let n be v(-9). Suppose 9 = 2*u + 2*g - 5, 0 = -3*u + 4*g + n. What is the highest common divisor of 2 and u?
1
Let a = -41 + 58. What is the highest common divisor of a and 51?
17
Suppose -v = -x + 53, -5*x - 3*v + 261 + 36 = 0. Suppose w - 2*f = x, 2*w + 3*f - 105 = -2*f. What is the highest common factor of 11 and w?
11
Suppose -5*x - 5*c = -2*c - 780, 3*x + c - 464 = 0. Let v = -5 + 22. Calculate the greatest common divisor of v and x.
17
Suppose -4*v = -0*v + 8. Let g be (3/v)/((-1)/14). Suppose 3*h - 4*n = 492, h + 3*h = -5*n + 687. What is the highest common factor of h and g?
21
Let x(o) = 4*o**2 + 9*o + 15. Let c be x(-5). Calculate the greatest common factor of 14 and c.
14
Let x be (1 + -22)/(1/(-3)). Suppose 0*f = f - x. Suppose -4*i + 4*s + 40 = 0, 2*i + 3*i = -5*s + 20. C